90. Let q be d(9). Suppose 11*f - 14*f + 6 = q. What is the remainder when 15 is divided by f?
1
Suppose 12*f - 10*f - 22 = 0. Let d be 3 - 18/(-12)*(-2 - 0). Calculate the remainder when (f - -74) + (1 - d) is divided by 22.
20
Suppose 167 = 4*w - 3*u, 4*w - 4*u - 98 = 70. Suppose 4*a + 2*a = -6. What is the remainder when 406/(6 + a + -3) is divided by w?
39
Let l = 376 - 121. Let g = l - 142. Calculate the remainder when g is divided by 15.
8
Let d be 251/7 - 1/(-7). Let g = 329 + -196. What is the remainder when g is divided by (-245)/(-9) - 8/d?
25
Let q be (-4)/1 - 66/(-3). Let s = q - 2. What is the remainder when 156 is divided by s?
12
Let m(x) = -x**2 - 13*x + 9. Let i(a) = a**2 - a - 1. Let r(c) = -2*i(c) - m(c). Calculate the remainder when 434 is divided by r(12).
28
Let b(j) = -20*j - 405. What is the remainder when 3673 is divided by b(-23)?
43
Suppose 110*c - 14056 + 11196 = 0. Let o = 6 - 2. Suppose -o*h - h = -515. Calculate the remainder when h is divided by c.
25
Let b(f) = -f**3 + 25*f**2 + 37*f - 196. Calculate the remainder when 1063 is divided by b(26).
73
Let p = 415 - 318. Let s = -29 + p. What is the remainder when 677 is divided by s?
65
What is the remainder when (-11 - -2)*(216/18 + -70) is divided by 98?
32
Let u(x) = 26*x + 312. Let n be u(-12). Suppose -70 = -3*o - 2*c, 4*o + 6*c - 10*c - 100 = n. Calculate the remainder when 275 is divided by o.
11
Suppose 67 = 3*f - w, f - 25 = -0*w + 3*w. Let x = 1351 - 1324. What is the remainder when x is divided by f?
5
Suppose 2*a - 5*z = -a + 73914, -3*z + 123292 = 5*a. Calculate the remainder when a is divided by 92.
89
Let l(q) = 25*q**2 + 62*q - 12. Let j(x) = 9*x**2 + 21*x - 4. Let f(s) = 11*j(s) - 4*l(s). Calculate the remainder when f(-9) is divided by 7.
6
Let a be -1 - (-3 + 2 + -4 - -2). Let d(u) = 11*u**2 + 5*u**2 - 15*u**a. Calculate the remainder when 27 is divided by d(2).
3
Let q = -322 + 324. Calculate the remainder when 23 is divided by q/12*(-31 - -133).
6
Suppose 24 - 124 = -10*u. Suppose -u*f + 1235 = 3*f. Calculate the remainder when f is divided by 24.
23
Suppose -t - 2*j = -7*j - 67, 215 = 5*t + 5*j. Let p = -229 + 223. Let l(s) = -s**3 - 2*s**2 + 17*s - 18. Calculate the remainder when t is divided by l(p).
23
Let k(y) = -3*y - 1. What is the remainder when 23 + (-33)/11 - -17 is divided by k(-5)?
9
Let v = 10893 - 10227. What is the remainder when v is divided by 147?
78
Let d(p) = -15*p + 41. Let u(n) = n + 1. Let y(s) = -2*d(s) - 22*u(s). What is the remainder when -3*((-41)/3 + -1) is divided by y(14)?
4
Let a(l) = 36*l + 187. Suppose -w + 5*n + 332 = 0, 4*n + 640 = 3*w - w. What is the remainder when w is divided by a(-3)?
75
Suppose -23 + 518 = 2*b + 13*b. Calculate the remainder when 1680 is divided by b.
30
Let u(g) = -g**3 - 9*g**2 + 9*g - 23. Let t be u(-11). Let n(y) = -t - 2*y + 138 - y. Calculate the remainder when n(-9) is divided by 12.
9
Let n(u) = u**2 + 22. Let q be (1 + 14/(-6))/(23/138). Let m = 73 + q. Calculate the remainder when m is divided by n(0).
21
Let t be (1*-19)/((-44)/748). Let v = t + -192. What is the remainder when v is divided by 33?
32
Suppose 369 = 2*n + j, 0 = -232*n + 230*n - 5*j + 341. Suppose 0 = 2*d - 3*d + 64. Calculate the remainder when n is divided by d.
60
Suppose 5*b = 2*f + 2*b - 385, -5*f - 4*b = -951. What is the remainder when f is divided by ((-150)/12)/(-25) + (-126)/(-12) - -3?
9
Let o(p) = -36*p**2 - 415*p - 3. Calculate the remainder when o(-11) is divided by 19.
16
Let a(s) = 1 - 2*s**3 + 2*s - s**3 - 9*s**3 - 18*s**3. Let m be a(-1). Suppose -m*n + 88 = -27*n. Calculate the remainder when n is divided by 23.
21
Let r = 2593 - 2553. Calculate the remainder when 3357 is divided by r.
37
Suppose -4175*p = -4206*p + 1891. Calculate the remainder when 6404 is divided by p.
60
What is the remainder when (-1 - -2)/(1/(-6) + (-13882)/(-82500)) is divided by 76?
17
Suppose 3*j - 221 - 13 = -4*t, -2*t = 2*j - 156. Let q = 12 + -9. Suppose -j = q*p - 4*p. Calculate the remainder when p is divided by 27.
24
Let t = -62 + 135. Suppose t = 7*c - 46. Calculate the remainder when 31 is divided by c.
14
Let z = -2993 - -3294. Calculate the remainder when z is divided by 8.
5
Suppose 867 = 2*o + 849. What is the remainder when 24 is divided by o?
6
Suppose -10 = -3*q + 2*y, -5*q = -4*y + 80 - 98. Calculate the remainder when 19 is divided by q.
1
Let m(u) = 82*u**2 - 90*u - 262. Calculate the remainder when m(-3) is divided by 76.
62
Calculate the remainder when 6078 is divided by -9 + (-1261)/(-13) + -8.
78
Let d = -24380 + 12901. Calculate the remainder when d/(-195) + (-8)/(-60) is divided by 10.
9
Suppose -2*q + 169 = 2*k - 23, -4 = -q. Calculate the remainder when 633 is divided by k.
81
Let q(w) = w**3 + 9*w**2 - 5*w + 9. What is the remainder when q(6) is divided by 192/36 + 1432/24?
64
Suppose -6*z = 5*g - 591, -42 = -5*g + z + 507. What is the remainder when g is divided by 29?
24
Let j = -9561 - -9575. Let h be 0 - (-445 + 1 - 0). Let d = h + -293. What is the remainder when d is divided by j?
11
Suppose -52*m + 7993 = 2429. What is the remainder when m is divided by 54?
53
Let t = -7 - -4. Let u be t - (-3)/(3/163). Let j = -74 + u. What is the remainder when j is divided by 29?
28
Suppose -20804*t - 139068 = -20816*t. What is the remainder when t is divided by 38?
37
Suppose -4*x - 132 = -4*q, q + 4*x - 33 = -0*x. What is the remainder when (-30)/(-10) + -4 + 192 is divided by q?
26
Let f(a) = -148*a**3 + a**2 + a + 1. Let x be f(-1). Let i = -114 + x. What is the remainder when i is divided by 24?
11
Suppose 5*n + 410 = 5*t, 330 = 4*t + n - 6*n. Suppose -4*c = -136 - t. Calculate the remainder when 154 is divided by c.
46
Suppose -3*t - 4*o = 22, 3*o = 4*t + 4*o + 12. Calculate the remainder when 320/((-10)/t)*3 is divided by 13.
10
Suppose -685 = -f + 4*w, -2*f + 9*w + 1376 = 4*w. Let r = f + -660. Calculate the remainder when 33 is divided by r.
0
Let o(a) = 49*a**2 - 77*a + 113. What is the remainder when o(6) is divided by 236?
235
Let c = 192 - 272. Let w = -55 - c. Suppose -3*a + 14*a = 737. What is the remainder when a is divided by w?
17
Suppose -7*l = -4*l + 6, 0 = 2*r + 4*l - 400. Let i = r + -111. Calculate the remainder when i is divided by 24.
21
Suppose 0 = 420*i - 414*i - 78. Let x(t) = -9*t**2 + t + 1. Let u be x(-1). Let a = u + i. Calculate the remainder when 4 is divided by a.
0
Calculate the remainder when 254 is divided by (-182)/(-84)*6*4.
46
Let a(l) = 309*l**2 + 10*l - 19. Calculate the remainder when a(2) is divided by 179.
163
Let z be 5/(-2)*1*264/(-330). Suppose 60 = 4*m - 3*g, -z*g - 60 = -4*m - g. Suppose m*p - 10*p = 125. Calculate the remainder when 49 is divided by p.
24
Suppose -5*g + 309 = 2*s, -5*s = 2*g - 3*s - 126. Suppose 3*i - g = 98. Calculate the remainder when i is divided by 30.
23
Suppose -4*m - 30816 = -22*m. Suppose 6366 = 13*z + m. What is the remainder when z is divided by 20?
18
Suppose 0 = 4*b + j - 78 + 27, j = -b + 18. Suppose 0 = q + 2 - 30. What is the remainder when q is divided by b?
6
Let m be (-3)/5 - (-840)/150. Suppose 3*v - 54 = m*c - 6, 80 = 5*v + 4*c. What is the remainder when 47 is divided by v?
15
Suppose 2*h = 20 + 58. Suppose -m - m = 5*x - 14, 0 = -4*x - 3*m + 7. Suppose -105 = -x*i - i. Calculate the remainder when h is divided by i.
18
Let y(m) = 14*m - 63. Let o be y(-12). Let t = -125 - o. What is the remainder when t is divided by 23?
14
Suppose -3*w = -19 + 19. Suppose -4*q + 26 - 34 = w. What is the remainder when 90 is divided by ((-6)/3)/((-192)/93 - q)?
28
Let u = 46 + -19. Suppose 3*w = 12*w - u. Calculate the remainder when 17 is divided by w.
2
Let a be (-18)/(-36)*16/2. Let x be -2 + 2 + a + -4. Suppose -5*d + d + 104 = x. Calculate the remainder when 51 is divided by d.
25
Suppose i + 2*t - 28 = 48, 3*i - 201 = 3*t. What is the remainder when i is divided by (30 - -3)*(-240)/(-264)?
10
Suppose 2*w + n = 1089, -2*w - 163*n + 160*n = -1091. What is the remainder when w is divided by 144?
112
Suppose 0 = -5*f + 652 - 637. What is the remainder when 149 is divided by f?
2
Suppose -3*j - v = -43, j + 227*v + 16 = 229*v. Let p(d) = 5*d**3 + 2*d**2 - 1. Let q be p(1). Let y(s) = 8*s. What is the remainder when y